{"id":127,"date":"2019-08-13T19:03:32","date_gmt":"2019-08-13T17:03:32","guid":{"rendered":"http:\/\/neu.ttcpelaka.de\/?page_id=127"},"modified":"2025-08-29T11:57:22","modified_gmt":"2025-08-29T09:57:22","slug":"hestia-front","status":"publish","type":"page","link":"https:\/\/ttcpelaka.de\/","title":{"rendered":"Front Page"},"content":{"rendered":"\t\t<div data-elementor-type=\"wp-post\" data-elementor-id=\"127\" class=\"elementor elementor-127\">\n\t\t\t\t\t\t<div class=\"elementor-inner\">\n\t\t\t\t<div class=\"elementor-section-wrap\">\n\t\t\t\t\t\t\t\t\t<section class=\"elementor-section elementor-top-section elementor-element elementor-element-f368851 elementor-section-boxed elementor-section-height-default elementor-section-height-default\" data-id=\"f368851\" data-element_type=\"section\">\n\t\t\t\t\t\t<div class=\"elementor-container elementor-column-gap-default\">\n\t\t\t\t\t\t\t<div class=\"elementor-row\">\n\t\t\t\t\t<div class=\"elementor-column elementor-col-100 elementor-top-column elementor-element elementor-element-0d614dc\" data-id=\"0d614dc\" data-element_type=\"column\">\n\t\t\t<div class=\"elementor-column-wrap elementor-element-populated\">\n\t\t\t\t\t\t\t<div class=\"elementor-widget-wrap\">\n\t\t\t\t\t\t<div class=\"elementor-element elementor-element-d199610 elementor-widget elementor-widget-heading\" data-id=\"d199610\" data-element_type=\"widget\" data-widget_type=\"heading.default\">\n\t\t\t\t<div class=\"elementor-widget-container\">\n\t\t\t<h2 class=\"elementor-heading-title elementor-size-default\">Folge uns auf Instagram:<\/h2>\t\t<\/div>\n\t\t\t\t<\/div>\n\t\t\t\t<div class=\"elementor-element elementor-element-263fb1b elementor-widget elementor-widget-text-editor\" data-id=\"263fb1b\" data-element_type=\"widget\" data-widget_type=\"text-editor.default\">\n\t\t\t\t<div class=\"elementor-widget-container\">\n\t\t\t\t\t\t\t\t<div class=\"elementor-text-editor elementor-clearfix\">\n\t\t\t\t<p><a href=\"https:\/\/www.instagram.com\/_pelaka_\/\" target=\"_blank\" rel=\"noopener\">TTC Pe-La-Ka e.V. auf Instragram<\/a><\/p>\t\t\t\t\t<\/div>\n\t\t\t\t\t\t<\/div>\n\t\t\t\t<\/div>\n\t\t\t\t<div class=\"elementor-element elementor-element-9587b00 elementor-widget elementor-widget-heading\" data-id=\"9587b00\" data-element_type=\"widget\" data-widget_type=\"heading.default\">\n\t\t\t\t<div class=\"elementor-widget-container\">\n\t\t\t<h2 class=\"elementor-heading-title elementor-size-default\">aktuelle Notiz:<\/h2>\t\t<\/div>\n\t\t\t\t<\/div>\n\t\t\t\t<div class=\"elementor-element elementor-element-8ff53ba elementor-widget elementor-widget-wp-widget-mtphr-dnt-widget\" data-id=\"8ff53ba\" data-element_type=\"widget\" data-settings=\"{&quot;_animation&quot;:&quot;none&quot;}\" data-widget_type=\"wp-widget-mtphr-dnt-widget.default\">\n\t\t\t\t<div class=\"elementor-widget-container\">\n\t\t\t<div id=\"mtphr-dnt-766-widget\" class=\"mtphr-dnt mtphr-dnt-766 mtphr-dnt-default mtphr-dnt-scroll mtphr-dnt-scroll-left\"><div class=\"mtphr-dnt-wrapper mtphr-dnt-clearfix\"><div class=\"mtphr-dnt-tick-container\"><div class=\"mtphr-dnt-tick-contents\"><div class=\"mtphr-dnt-tick mtphr-dnt-default-tick mtphr-dnt-clearfix \"><table class=\"mtphr-dnt-grid\"><tr class=\"mtphr-dnt-grid-row mtphr-dnt-grid-row-1\"><td class=\"mtphr-dnt-grid-item mtphr-dnt-grid-item-1 mtphr-dnt-grid-item-default\" style=\"padding:5px;\"><font size=\"5\">   <font color=\"#FF0040\"> <b> Vereinsmeister 2025:          <\/b><\/font><\/td><\/tr><\/table><\/div><div class=\"mtphr-dnt-tick mtphr-dnt-default-tick mtphr-dnt-clearfix \"><table class=\"mtphr-dnt-grid\"><tr class=\"mtphr-dnt-grid-row mtphr-dnt-grid-row-1\"><td class=\"mtphr-dnt-grid-item mtphr-dnt-grid-item-1 mtphr-dnt-grid-item-default\" style=\"padding:5px;\"><font size=\"5\">   <font color=\"#01DF01\"> <b>   Jugend: Devin Falinski    <\/b><\/font><\/td><\/tr><\/table><\/div><div class=\"mtphr-dnt-tick mtphr-dnt-default-tick mtphr-dnt-clearfix \"><table class=\"mtphr-dnt-grid\"><tr class=\"mtphr-dnt-grid-row mtphr-dnt-grid-row-1\"><td class=\"mtphr-dnt-grid-item mtphr-dnt-grid-item-1 mtphr-dnt-grid-item-default\" style=\"padding:5px;\"><font size=\"5\">  <font color=\"#0000FF\"> <b> Erwachsene: Lasse Wachsmuth    <\/b><\/font><\/td><\/tr><\/table><\/div><\/div><\/div><\/div><\/div>\t\t<\/div>\n\t\t\t\t<\/div>\n\t\t\t\t\t\t<\/div>\n\t\t\t\t\t<\/div>\n\t\t<\/div>\n\t\t\t\t\t\t\t\t<\/div>\n\t\t\t\t\t<\/div>\n\t\t<\/section>\n\t\t\t\t<section class=\"elementor-section elementor-top-section elementor-element elementor-element-e4f9dfa elementor-section-boxed elementor-section-height-default elementor-section-height-default\" data-id=\"e4f9dfa\" data-element_type=\"section\">\n\t\t\t\t\t\t<div class=\"elementor-container elementor-column-gap-default\">\n\t\t\t\t\t\t\t<div class=\"elementor-row\">\n\t\t\t\t\t<div class=\"elementor-column elementor-col-100 elementor-top-column elementor-element elementor-element-c783849\" data-id=\"c783849\" data-element_type=\"column\">\n\t\t\t<div class=\"elementor-column-wrap elementor-element-populated\">\n\t\t\t\t\t\t\t<div class=\"elementor-widget-wrap\">\n\t\t\t\t\t\t<div class=\"elementor-element elementor-element-5a1a09e elementor-widget elementor-widget-heading\" data-id=\"5a1a09e\" data-element_type=\"widget\" data-widget_type=\"heading.default\">\n\t\t\t\t<div class=\"elementor-widget-container\">\n\t\t\t<h2 class=\"elementor-heading-title elementor-size-default\">click-tt : Ergebnisse aller Punktspiele:<\/h2>\t\t<\/div>\n\t\t\t\t<\/div>\n\t\t\t\t\t\t<\/div>\n\t\t\t\t\t<\/div>\n\t\t<\/div>\n\t\t\t\t\t\t\t\t<\/div>\n\t\t\t\t\t<\/div>\n\t\t<\/section>\n\t\t\t\t<section class=\"elementor-section elementor-top-section elementor-element elementor-element-b89f101 elementor-section-boxed elementor-section-height-default elementor-section-height-default\" data-id=\"b89f101\" data-element_type=\"section\">\n\t\t\t\t\t\t<div class=\"elementor-container elementor-column-gap-default\">\n\t\t\t\t\t\t\t<div class=\"elementor-row\">\n\t\t\t\t\t<div class=\"elementor-column elementor-col-33 elementor-top-column elementor-element elementor-element-18bf7cb\" data-id=\"18bf7cb\" data-element_type=\"column\">\n\t\t\t<div class=\"elementor-column-wrap\">\n\t\t\t\t\t\t\t<div class=\"elementor-widget-wrap\">\n\t\t\t\t\t\t\t\t<\/div>\n\t\t\t\t\t<\/div>\n\t\t<\/div>\n\t\t\t\t<div class=\"elementor-column elementor-col-33 elementor-top-column elementor-element elementor-element-d3de669\" data-id=\"d3de669\" data-element_type=\"column\">\n\t\t\t<div class=\"elementor-column-wrap elementor-element-populated\">\n\t\t\t\t\t\t\t<div class=\"elementor-widget-wrap\">\n\t\t\t\t\t\t<section class=\"elementor-section elementor-inner-section elementor-element elementor-element-022e4e2 elementor-section-boxed elementor-section-height-default elementor-section-height-default\" data-id=\"022e4e2\" data-element_type=\"section\">\n\t\t\t\t\t\t<div class=\"elementor-container elementor-column-gap-default\">\n\t\t\t\t\t\t\t<div class=\"elementor-row\">\n\t\t\t\t\t<div class=\"elementor-column elementor-col-50 elementor-inner-column elementor-element elementor-element-aca084b\" data-id=\"aca084b\" data-element_type=\"column\">\n\t\t\t<div class=\"elementor-column-wrap elementor-element-populated\">\n\t\t\t\t\t\t\t<div class=\"elementor-widget-wrap\">\n\t\t\t\t\t\t<div class=\"elementor-element elementor-element-1b0125d elementor-widget elementor-widget-text-editor\" data-id=\"1b0125d\" data-element_type=\"widget\" data-widget_type=\"text-editor.default\">\n\t\t\t\t<div class=\"elementor-widget-container\">\n\t\t\t\t\t\t\t\t<div class=\"elementor-text-editor elementor-clearfix\">\n\t\t\t\t<p>alle aktuellen Spiele:<\/p>\t\t\t\t\t<\/div>\n\t\t\t\t\t\t<\/div>\n\t\t\t\t<\/div>\n\t\t\t\t\t\t<\/div>\n\t\t\t\t\t<\/div>\n\t\t<\/div>\n\t\t\t\t<div class=\"elementor-column elementor-col-50 elementor-inner-column elementor-element elementor-element-0a7a3b4\" data-id=\"0a7a3b4\" data-element_type=\"column\">\n\t\t\t<div class=\"elementor-column-wrap elementor-element-populated\">\n\t\t\t\t\t\t\t<div class=\"elementor-widget-wrap\">\n\t\t\t\t\t\t<div class=\"elementor-element elementor-element-643f4aa elementor-widget elementor-widget-image\" data-id=\"643f4aa\" data-element_type=\"widget\" data-widget_type=\"image.default\">\n\t\t\t\t<div class=\"elementor-widget-container\">\n\t\t\t\t\t\t\t\t<div class=\"elementor-image\">\n\t\t\t\t\t\t\t\t\t\t\t\t\t<a href=\"https:\/\/ttvn.click-tt.de\/cgi-bin\/WebObjects\/nuLigaTTDE.woa\/wa\/clubInfoDisplay?club=5521\" target=\"_blank\">\n\t\t\t\t\t\t\t<img decoding=\"async\" width=\"176\" height=\"115\" src=\"https:\/\/ttcpelaka.de\/wp-content\/uploads\/2019\/09\/ttvn_logo.gif\" class=\"attachment-large size-large wp-image-328\" alt=\"\" loading=\"lazy\" \/>\t\t\t\t\t\t\t\t<\/a>\n\t\t\t\t\t\t\t\t\t\t\t\t\t\t<\/div>\n\t\t\t\t\t\t<\/div>\n\t\t\t\t<\/div>\n\t\t\t\t\t\t<\/div>\n\t\t\t\t\t<\/div>\n\t\t<\/div>\n\t\t\t\t\t\t\t\t<\/div>\n\t\t\t\t\t<\/div>\n\t\t<\/section>\n\t\t\t\t<div class=\"elementor-element elementor-element-27bf405 elementor-widget elementor-widget-text-editor\" data-id=\"27bf405\" data-element_type=\"widget\" data-widget_type=\"text-editor.default\">\n\t\t\t\t<div class=\"elementor-widget-container\">\n\t\t\t\t\t\t\t\t<div class=\"elementor-text-editor elementor-clearfix\">\n\t\t\t\t<p><strong><a href=\"https:\/\/ttvn.click-tt.de\/cgi-bin\/WebObjects\/nuLigaTTDE.woa\/wa\/home\" target=\"_blank\" rel=\"noopener\">Ergebniseingabe \u00a0<\/a><\/strong><span style=\"color: #333333;\">(f\u00fcr Mannschaftsf\u00fchrer)<\/span><\/p>\t\t\t\t\t<\/div>\n\t\t\t\t\t\t<\/div>\n\t\t\t\t<\/div>\n\t\t\t\t\t\t<\/div>\n\t\t\t\t\t<\/div>\n\t\t<\/div>\n\t\t\t\t<div class=\"elementor-column elementor-col-33 elementor-top-column elementor-element elementor-element-f87a51f\" data-id=\"f87a51f\" data-element_type=\"column\">\n\t\t\t<div class=\"elementor-column-wrap\">\n\t\t\t\t\t\t\t<div class=\"elementor-widget-wrap\">\n\t\t\t\t\t\t\t\t<\/div>\n\t\t\t\t\t<\/div>\n\t\t<\/div>\n\t\t\t\t\t\t\t\t<\/div>\n\t\t\t\t\t<\/div>\n\t\t<\/section>\n\t\t\t\t<section class=\"elementor-section elementor-top-section elementor-element elementor-element-9707457 elementor-section-boxed elementor-section-height-default elementor-section-height-default\" data-id=\"9707457\" data-element_type=\"section\">\n\t\t\t\t\t\t<div class=\"elementor-container elementor-column-gap-default\">\n\t\t\t\t\t\t\t<div class=\"elementor-row\">\n\t\t\t\t\t<div class=\"elementor-column elementor-col-100 elementor-top-column elementor-element elementor-element-ee52bdb\" data-id=\"ee52bdb\" data-element_type=\"column\">\n\t\t\t<div class=\"elementor-column-wrap\">\n\t\t\t\t\t\t\t<div class=\"elementor-widget-wrap\">\n\t\t\t\t\t\t\t\t<\/div>\n\t\t\t\t\t<\/div>\n\t\t<\/div>\n\t\t\t\t\t\t\t\t<\/div>\n\t\t\t\t\t<\/div>\n\t\t<\/section>\n\t\t\t\t<section class=\"elementor-section elementor-top-section elementor-element elementor-element-343d828 elementor-section-full_width elementor-section-height-default elementor-section-height-default\" data-id=\"343d828\" data-element_type=\"section\">\n\t\t\t\t\t\t<div class=\"elementor-container elementor-column-gap-default\">\n\t\t\t\t\t\t\t<div class=\"elementor-row\">\n\t\t\t\t\t<div class=\"elementor-column elementor-col-33 elementor-top-column elementor-element elementor-element-6f1154a\" data-id=\"6f1154a\" data-element_type=\"column\">\n\t\t\t<div class=\"elementor-column-wrap\">\n\t\t\t\t\t\t\t<div class=\"elementor-widget-wrap\">\n\t\t\t\t\t\t\t\t<\/div>\n\t\t\t\t\t<\/div>\n\t\t<\/div>\n\t\t\t\t<div class=\"elementor-column elementor-col-33 elementor-top-column elementor-element elementor-element-efe2776\" data-id=\"efe2776\" data-element_type=\"column\">\n\t\t\t<div class=\"elementor-column-wrap elementor-element-populated\">\n\t\t\t\t\t\t\t<div class=\"elementor-widget-wrap\">\n\t\t\t\t\t\t<div class=\"elementor-element elementor-element-57d2e21 elementor-widget elementor-widget-heading\" data-id=\"57d2e21\" data-element_type=\"widget\" data-widget_type=\"heading.default\">\n\t\t\t\t<div class=\"elementor-widget-container\">\n\t\t\t<h2 class=\"elementor-heading-title elementor-size-default\">unsere Termine:<\/h2>\t\t<\/div>\n\t\t\t\t<\/div>\n\t\t\t\t<div class=\"elementor-element elementor-element-e5fc425 elementor-widget elementor-widget-text-editor\" data-id=\"e5fc425\" data-element_type=\"widget\" data-widget_type=\"text-editor.default\">\n\t\t\t\t<div class=\"elementor-widget-container\">\n\t\t\t\t\t\t\t\t<div class=\"elementor-text-editor elementor-clearfix\">\n\t\t\t\t<p style=\"text-align: center;\"><b>Freitag, 5. September 2025<br \/><\/b>Festveranstaltung zum 75-j\u00e4hrigen Jubil\u00e4um &#8211; Anmeldung erforderlich<\/p><p style=\"text-align: center;\"><strong>Samstag, 13. und Sonntag, 14. September 2025<\/strong><br \/>Turniere im Rahmen des 75-j\u00e4hrigen Jubil\u00e4ums<br \/>\u00f6rtliche Vereine \u00a0\/ Tischtennis-Vereine Altkreis Osterode \/<br \/>Familien \/ Race &#8211; Jugend<\/p><p style=\"text-align: center;\"><strong>Samstag, 20. September 2025<\/strong><br \/>Regionsindividualmeisterschaften &#8211; Senioren\u00a0<\/p><p style=\"text-align: center;\"><strong>Samstag, 27. und Sonntag, 28. September 2025<\/strong><br \/>Regionsindividualmeisterschaften &#8211; Jugend und Erwachsene<\/p><p style=\"text-align: center;\"><strong>Montag, 13. bis Samstag 25. Oktober 2025<\/strong><br \/>Herbstferien &#8211; kein Trainingsbetrieb<\/p><p style=\"text-align: center;\"><span style=\"color: #ff0000;\"><strong>Samstag, 29. November 2025<\/strong><\/span><br \/><span style=\"color: #ff0000;\">Vereinsmeisterschaften TTC Pe-La-Ka<\/span><\/p><p style=\"text-align: center;\"><strong>Montag, 22. Dezember 2025 bis Montag, 5. Januar 2026<\/strong><br \/>Weihnachtsferien &#8211; kein Trainingsbetrieb<\/p>\t\t\t\t\t<\/div>\n\t\t\t\t\t\t<\/div>\n\t\t\t\t<\/div>\n\t\t\t\t<div class=\"elementor-element elementor-element-3363828 elementor-widget elementor-widget-heading\" data-id=\"3363828\" data-element_type=\"widget\" data-widget_type=\"heading.default\">\n\t\t\t\t<div class=\"elementor-widget-container\">\n\t\t\t<h2 class=\"elementor-heading-title elementor-size-default\">unsere Trainingszeiten:<\/h2>\t\t<\/div>\n\t\t\t\t<\/div>\n\t\t\t\t<div class=\"elementor-element elementor-element-4a82693 elementor-widget elementor-widget-text-editor\" data-id=\"4a82693\" data-element_type=\"widget\" data-widget_type=\"text-editor.default\">\n\t\t\t\t<div class=\"elementor-widget-container\">\n\t\t\t\t\t\t\t\t<div class=\"elementor-text-editor elementor-clearfix\">\n\t\t\t\t<p style=\"text-align: center;\"><strong>Jugend \/ Nachwuchs:<\/strong><br \/>Dienstags\u00a0 18.00 &#8211; 20.00<br \/>Freitags\u00a0 \u00a0 \u00a0 18.00 &#8211; 20.00<\/p><p style=\"text-align: center;\"><strong>Erwachsene:<\/strong><br \/>Dienstags\u00a0 \u00a020.00 &#8211; 22.00<br \/>Freitags\u00a0 \u00a0 \u00a0 \u00a020.00 &#8211; 22.00\u00a0<\/p><p style=\"text-align: center;\"><span style=\"color: #4d5156; font-family: arial, sans-serif; font-size: 14px; text-align: left;\">in den\u00a0<\/span><span style=\"font-weight: bold; color: #5f6368; font-family: arial, sans-serif; font-size: 14px; text-align: left;\">Ferien <\/span><span style=\"color: #5f6368; font-family: arial, sans-serif; font-size: 14px; text-align: left;\">findet<\/span><span style=\"color: #4d5156; font-family: arial, sans-serif; font-size: 14px; text-align: left;\">\u00a0kein\u00a0<\/span><span style=\"font-weight: bold; color: #5f6368; font-family: arial, sans-serif; font-size: 14px; text-align: left;\">Training<\/span><span style=\"color: #4d5156; font-family: arial, sans-serif; font-size: 14px; text-align: left;\">\u00a0statt<\/span><\/p><p style=\"text-align: center;\"><strong>Turnhalle<\/strong> Grundschule Lasfelde<br \/>An der Bahn 26, 37520 Osterode am Harz<\/p>\t\t\t\t\t<\/div>\n\t\t\t\t\t\t<\/div>\n\t\t\t\t<\/div>\n\t\t\t\t\t\t<\/div>\n\t\t\t\t\t<\/div>\n\t\t<\/div>\n\t\t\t\t<div class=\"elementor-column elementor-col-33 elementor-top-column elementor-element elementor-element-2ddedfa\" data-id=\"2ddedfa\" data-element_type=\"column\">\n\t\t\t<div class=\"elementor-column-wrap\">\n\t\t\t\t\t\t\t<div class=\"elementor-widget-wrap\">\n\t\t\t\t\t\t\t\t<\/div>\n\t\t\t\t\t<\/div>\n\t\t<\/div>\n\t\t\t\t\t\t\t\t<\/div>\n\t\t\t\t\t<\/div>\n\t\t<\/section>\n\t\t\t\t<section class=\"elementor-section elementor-top-section elementor-element elementor-element-80b14dd elementor-section-boxed elementor-section-height-default elementor-section-height-default\" data-id=\"80b14dd\" data-element_type=\"section\">\n\t\t\t\t\t\t<div class=\"elementor-container elementor-column-gap-default\">\n\t\t\t\t\t\t\t<div class=\"elementor-row\">\n\t\t\t\t\t<div class=\"elementor-column elementor-col-33 elementor-top-column elementor-element elementor-element-9f2af30\" data-id=\"9f2af30\" data-element_type=\"column\">\n\t\t\t<div class=\"elementor-column-wrap\">\n\t\t\t\t\t\t\t<div class=\"elementor-widget-wrap\">\n\t\t\t\t\t\t\t\t<\/div>\n\t\t\t\t\t<\/div>\n\t\t<\/div>\n\t\t\t\t<div class=\"elementor-column elementor-col-33 elementor-top-column elementor-element elementor-element-bddd90f\" data-id=\"bddd90f\" data-element_type=\"column\">\n\t\t\t<div class=\"elementor-column-wrap\">\n\t\t\t\t\t\t\t<div class=\"elementor-widget-wrap\">\n\t\t\t\t\t\t\t\t<\/div>\n\t\t\t\t\t<\/div>\n\t\t<\/div>\n\t\t\t\t<div class=\"elementor-column elementor-col-33 elementor-top-column elementor-element elementor-element-99e7f62\" data-id=\"99e7f62\" data-element_type=\"column\">\n\t\t\t<div class=\"elementor-column-wrap\">\n\t\t\t\t\t\t\t<div class=\"elementor-widget-wrap\">\n\t\t\t\t\t\t\t\t<\/div>\n\t\t\t\t\t<\/div>\n\t\t<\/div>\n\t\t\t\t\t\t\t\t<\/div>\n\t\t\t\t\t<\/div>\n\t\t<\/section>\n\t\t\t\t\t\t\t\t\t<\/div>\n\t\t\t<\/div>\n\t\t\t\t\t<\/div>\n\t\t","protected":false},"excerpt":{"rendered":"<p>Folge uns auf Instagram: TTC Pe-La-Ka e.V. auf Instragram aktuelle Notiz: click-tt : Ergebnisse aller Punktspiele: alle aktuellen Spiele: Ergebniseingabe \u00a0(f\u00fcr Mannschaftsf\u00fchrer) unsere Termine: Freitag, 5. September 2025Festveranstaltung zum 75-j\u00e4hrigen Jubil\u00e4um &#8211; Anmeldung erforderlich Samstag, 13. und Sonntag, 14. September 2025Turniere im Rahmen des 75-j\u00e4hrigen Jubil\u00e4ums\u00f6rtliche Vereine \u00a0\/ Tischtennis-Vereine Altkreis [&hellip;]<\/p>\n","protected":false},"author":1,"featured_media":0,"parent":0,"menu_order":0,"comment_status":"closed","ping_status":"closed","template":"","meta":[],"_links":{"self":[{"href":"https:\/\/ttcpelaka.de\/index.php?rest_route=\/wp\/v2\/pages\/127"}],"collection":[{"href":"https:\/\/ttcpelaka.de\/index.php?rest_route=\/wp\/v2\/pages"}],"about":[{"href":"https:\/\/ttcpelaka.de\/index.php?rest_route=\/wp\/v2\/types\/page"}],"author":[{"embeddable":true,"href":"https:\/\/ttcpelaka.de\/index.php?rest_route=\/wp\/v2\/users\/1"}],"replies":[{"embeddable":true,"href":"https:\/\/ttcpelaka.de\/index.php?rest_route=%2Fwp%2Fv2%2Fcomments&post=127"}],"version-history":[{"count":209,"href":"https:\/\/ttcpelaka.de\/index.php?rest_route=\/wp\/v2\/pages\/127\/revisions"}],"predecessor-version":[{"id":2542,"href":"https:\/\/ttcpelaka.de\/index.php?rest_route=\/wp\/v2\/pages\/127\/revisions\/2542"}],"wp:attachment":[{"href":"https:\/\/ttcpelaka.de\/index.php?rest_route=%2Fwp%2Fv2%2Fmedia&parent=127"}],"curies":[{"name":"wp","href":"https:\/\/api.w.org\/{rel}","templated":true}]}}